ivide 968?
True
Does 398 divide 57312?
True
Is 147 even?
False
Is 6016 a multiple of 32?
True
Is 179 a factor of 7095?
False
Is 1071 a multiple of 17?
True
Is 102568 a multiple of 27?
False
Does 39 divide 3844?
False
Is 1320 a multiple of 12?
True
Does 19 divide 10543?
False
Is 8 a factor of 960?
True
Is 281 a multiple of 9?
False
Is 4667 a multiple of 20?
False
Is 29 a factor of 1015?
True
Is 98 a factor of 1862?
True
Does 23 divide 19715?
False
Is 17 a factor of 5066?
True
Does 48 divide 10982?
False
Is 136 a multiple of 4?
True
Is 58 a factor of 1218?
True
Is 14 a factor of 1284?
False
Is 50 a factor of 45476?
False
Is 23839 a multiple of 120?
False
Is 12 a factor of 8007?
False
Is 14495 a multiple of 13?
True
Does 12 divide 5172?
True
Is 21655 a multiple of 2?
False
Does 38 divide 1976?
True
Does 56 divide 21224?
True
Does 62 divide 7153?
False
Is 45130 a multiple of 202?
False
Is 101 a factor of 24139?
True
Does 11 divide 416?
False
Does 10 divide 554?
False
Does 211 divide 29751?
True
Is 8 a factor of 11740?
False
Is 17 a factor of 923?
False
Is 58808 a multiple of 34?
False
Is 184 a factor of 37823?
False
Is 55 a factor of 1760?
True
Is 10 a factor of 1756?
False
Is 518 a multiple of 37?
True
Does 74 divide 141?
False
Is 10 a factor of 23160?
True
Is 15 a factor of 24221?
False
Does 2 divide 3816?
True
Is 21805 a multiple of 133?
False
Does 185 divide 8880?
True
Is 978 a multiple of 11?
False
Is 3172 a multiple of 61?
True
Is 4601 a multiple of 62?
False
Does 46 divide 25635?
False
Is 20 a factor of 57271?
False
Does 38 divide 121?
False
Is 12 a factor of 432?
True
Is 1676 a multiple of 138?
False
Is 64 a factor of 8136?
False
Is 8 a factor of 304?
True
Is 33 a factor of 528?
True
Does 49 divide 1372?
True
Does 23 divide 8012?
False
Does 23 divide 266?
False
Does 2 divide 852?
True
Is 4103 a multiple of 2?
False
Does 10 divide 4868?
False
Is 78 a factor of 693?
False
Does 15 divide 315?
True
Does 11 divide 1117?
False
Is 3 a factor of 241?
False
Is 15778 a multiple of 46?
True
Is 1254 a multiple of 33?
True
Does 2 divide 3699?
False
Does 17 divide 68?
True
Is 15840 a multiple of 339?
False
Is 4620 a multiple of 70?
True
Is 10437 a multiple of 7?
True
Is 3 a factor of 658?
False
Is 118 a factor of 25134?
True
Is 768 a multiple of 24?
True
Does 5 divide 870?
True
Is 37152 a multiple of 4?
True
Is 12 a factor of 669?
False
Does 9 divide 810?
True
Does 26 divide 288?
False
Is 14 a factor of 3829?
False
Is 4 a factor of 1368?
True
Does 43 divide 1043?
False
Is 62 a factor of 248?
True
Is 67 a factor of 16549?
True
Does 40 divide 2520?
True
Is 120 a multiple of 40?
True
Does 59 divide 19765?
True
Is 2748 a multiple of 21?
False
Is 205 a factor of 15170?
True
Does 68 divide 1972?
True
Is 1417 a multiple of 77?
False
Is 534 a multiple of 17?
False
Does 9 divide 415?
False
Does 15 divide 401?
False
Is 7875 a multiple of 194?
False
Does 16 divide 1555?
False
Does 59 divide 7552?
True
Is 16 a factor of 1888?
True
Does 70 divide 41580?
True
Does 3 divide 336?
True
Is 19 a factor of 3268?
True
Is 1618 a multiple of 41?
False
Is 126 a factor of 2016?
True
Is 1678 a multiple of 11?
False
Is 12 a multiple of 12?
True
Is 21 a factor of 815?
False
Is 18784 a multiple of 50?
False
Does 242 divide 13068?
True
Is 104185 a multiple of 293?
False
Is 10 a factor of 1587?
False
Does 5 divide 2160?
True
Is 3 a factor of 300?
True
Is 122 a factor of 42753?
False
Is 305 a factor of 40565?
True
Does 3 divide 16914?
True
Is 3134 a multiple of 17?
False
Is 210 a multiple of 16?
False
Is 190 even?
True
Does 4 divide 1048?
True
Is 41426 a multiple of 22?
True
Is 432 a multiple of 63?
False
Does 42 divide 6300?
True
Does 14 divide 728?
True
Is 1119 a multiple of 10?
False
Does 29 divide 29000?
True
Is 34 a factor of 3196?
True
Is 3 a factor of 4188?
True
Is 1131 a multiple of 39?
True
Does 90 divide 2541?
False
Is 16 a factor of 544?
True
Is 975 a multiple of 28?
False
Does 4 divide 1608?
True
Is 476 a multiple of 32?
False
Does 40 divide 3040?
True
Is 3893 a multiple of 6?
False
Is 33226 a multiple of 162?
False
Does 15 divide 195?
True
Does 44 divide 23672?
True
Is 11 a factor of 20108?
True
Is 10 a factor of 82487?
False
Is 16 a factor of 1904?
True
Is 614 a multiple of 12?
False
Is 109 a factor of 5025?
False
Is 16960 a multiple of 10?
True
Is 10 a factor of 1383?
False
Is 13 a factor of 3246?
False
Is 247 a multiple of 13?
True
Is 15 a factor of 420?
True
Is 1776 a multiple of 5?
False
Does 7 divide 2057?
False
Is 2464 a multiple of 88?
True
Does 52 divide 5240?
False
Is 292 a multiple of 4?
True
Is 16205 a multiple of 13?
False
Is 15 a factor of 591?
False
Is 61 a factor of 430?
False
Is 51905 a multiple of 59?
False
Does 30 divide 3214?
False
Is 11264 a multiple of 68?
False
Is 28 a factor of 1015?
False
Does 32 divide 578?
False
Is 53888 a multiple of 16?
True
Is 344 a multiple of 8?
True
Is 22 a factor of 5456?
True
Is 8442 a multiple of 48?
False
Is 30829 a multiple of 181?
False
Is 10 a factor of 614?
False
Does 54 divide 8840?
False
Does 33 divide 11517?
True
Is 211 a multiple of 34?
False
Is 12 a factor of 60?
True
Is 1531 a multiple of 20?
False
Is 11 a factor of 20565?
False
Is 69 a factor of 15249?
True
Does 5 divide 1141?
False
Is 12 a factor of 135?
False
Does 6 divide 502?
False
Is 16 a factor of 258?
False
Is 19548 a multiple of 36?
True
Is 57 a factor of 46034?
False
Is 11159 a multiple of 4?
False
Is 9 a factor of 9747?
True
Is 132 a multiple of 7?
False
Does 64 divide 960?
True
Is 5048 a multiple of 109?
False
Is 9 a factor of 3231?
True
Is 28 a factor of 3388?
True
Is 3 a factor of 4779?
True
Is 364 a factor of 46956?
True
Is 3 a factor of 468?
True
Is 1464 even?
True
Is 8 a factor of 8061?
False
Is 13 a factor of 6879?
False
Does 19 divide 2983?
True
Is 14 a factor of 48457?
False
Does 51 divide 13757?
False
Is 165 a multiple of 5?
True
Is 80 a factor of 13840?
True
Is 105 a factor of 11250?
False
Does 26 divide 7982?
True
Does 12 divide 674?
False
Does 10 divide 8861?
False
Is 25 a factor of 300?
True
Does 7 divide 770?
True
Does 10 divide 28834?
False
Does 21 divide 56856?
False
Is 2538 a multiple of 27?
True
Does 49 divide 137984?
True
Is 12 a factor of 47568?
True
Is 9 a factor of 3477?
False
Is 84 a multiple of 21?
True
Is 3 a factor of 30?
True
Is 116432 a multiple of 50?
False
Is 97758 a multiple of 7?
False
Does 18 divide 1440?
True
Is 18 a factor of 27?
False
Does 4 divide 1336?
True
Does 15 divide 850?
False
Is 2822 a multiple of 38?
False
Is 56 a factor of 1848?
True
Is 41 a factor of 49569?
True
Is 13 a factor of 9188?
False
Is 7095 a multiple of 33?
True
Does 139 divide 1668?
True
Is 1458 a multiple of 9?
True
Is 1140 a multiple of 30?
True
Is 56498 a multiple of 82?
True
Is 8 a factor of 806?
False
Is 127 a factor of 3683?
True
Is 85 a factor of 15357?
False
Does 12 divide 36?
True
Is 16 a factor of 2480?
True
Is 504 a multiple of 18?
True
Does 27 divide 12123?
True
Is 1446 a multiple of 12?
False
Does 12 divide 22188?
True
Is 6 a factor of 14137?
False
Does 45 divide 810?
True
Is 13 a factor of 338?
True
Is 12 a factor of 9264?
True
Is 2733 a multiple of 41?
False
Does 46 divide 2037?
False
Is 18096 even?
True
Is 805 a multiple of 10?
False
Is 440 a multiple of 20?
True
Does 18 divide 980?
False
Does 114 divide 38347?
False
Is 17 a factor of 119?
True
Is 1938 a multiple of 114?
True
Is 31 a multiple of 9?
False
Is 4816 a multiple of 20?
False
Is 1273 a multiple of 5?
False
Is 2 a factor of 141?
False
Does 38 divide 47125?
False
Is 18 a factor of 426?
False
Does 12 divide 1994?
False
Does 10 divide 14656?
False
Does 63 divide 1071?
True
Is 16828 a multiple of 7?
True
Is 11645 a multiple of 23?
False
Does 21 divide 1638?
True
Is 1426 a multiple of 31?
True
Does 32 divide 34556?
False
Is 54768 a multiple of 42?
True
Is 760 a multiple of 76?
True
Is 3089 a multiple of 39?
False
Is 88 a factor of 19747?
False
Is 3 a factor of 195?
True
Is 7974 a multiple of 24?
False
Is 2815 a multiple of 3?
False
Is 60 a factor of 11652?
False
Does 8 divide 575?
False
Does 63 divide 4851?
True
Is 1235 a multiple of 65?
True
Is 149 a factor of 22350?
True
Does 3 divide 408?
True
Does 43 divide 860?
True
Is 3 a factor of 940?
False
Does 6 divide 49